{"id":1886,"date":"2017-12-08T11:45:02","date_gmt":"2017-12-08T09:45:02","guid":{"rendered":"http:\/\/anbpr.org.ro\/?page_id=1886"},"modified":"2017-12-08T11:54:58","modified_gmt":"2017-12-08T09:54:58","slug":"codul-etic-al-bibliotecarului","status":"publish","type":"page","link":"https:\/\/anbpr.org.ro\/index.php\/despre-noi\/codul-etic-al-bibliotecarului\/","title":{"rendered":"Codul etic al bibliotecarului"},"content":{"rendered":"<div id='share-me'><ul class='share-left'><li><a href=\"http:\/\/www.facebook.com\/sharer.php?u=https:\/\/anbpr.org.ro\/index.php\/despre-noi\/codul-etic-al-bibliotecarului\/&t=Codul+etic+al+bibliotecarului\" alt=\"Share on Facebook\" title=\"Share on Facebook\"   onclick=\"return smWindowpop(this.href,545,433)\"><img alt = \"\" src = \"https:\/\/anbpr.org.ro\/wp-content\/plugins\/share-me\/\/assets\/images\/cercle\/facebook.png\"  height=\"32px\"  width=\"32px\"><\/a><\/li><li><a href=\"http:\/\/twitter.com\/share?text=Codul+etic+al+bibliotecarului-&url=https:\/\/anbpr.org.ro\/index.php\/despre-noi\/codul-etic-al-bibliotecarului\/&via=ANBPR - Asocia\u021bia Na\u021bional\u0103  a Bibliotecarilor \u0219i Bibliotecilor Publice din Rom\u00e2nia\" alt=\"Tweet This Post\" title=\"Tweet This Post\"  onclick=\"return smWindowpop(this.href,545,433)\"><img alt = \"\" src = \"https:\/\/anbpr.org.ro\/wp-content\/plugins\/share-me\/\/assets\/images\/cercle\/twitter.png\"  height=\"32px\"  width=\"32px\"><\/a><\/li><li><a href=\"https:\/\/plusone.google.com\/_\/+1\/confirm?hl=fr-FR&url=https:\/\/anbpr.org.ro\/index.php\/despre-noi\/codul-etic-al-bibliotecarului\/\" alt=\"Share on Google+\" title=\"Share on Google+\"  target=\"_blank\" onclick=\"return smWindowpop(this.href,545,433)\"><img alt = \"\" src = \"https:\/\/anbpr.org.ro\/wp-content\/plugins\/share-me\/\/assets\/images\/cercle\/googleplus.png\"  height=\"32px\"  width=\"32px\"><\/a><\/li><li><a href=\"http:\/\/www.tumblr.com\/share\/photo?source=&caption=Codul+etic+al+bibliotecarului&clickthru=https%3A%2F%2Fanbpr.org.ro%2Findex.php%2Fdespre-noi%2Fcodul-etic-al-bibliotecarului%2F\" title=\"Share on Tumblr\"  onclick=\"return smWindowpop(this.href,545,433)\"> <img alt = \"\" src = \"https:\/\/anbpr.org.ro\/wp-content\/plugins\/share-me\/\/assets\/images\/cercle\/tumblr.png\"  height=\"32px\"  width=\"32px\"><\/a><\/li><li><a href=\"http:\/\/www.linkedin.com\/shareArticle?mini=true&url=https:\/\/anbpr.org.ro\/index.php\/despre-noi\/codul-etic-al-bibliotecarului\/&title=Codul+etic+al+bibliotecarului&source=ANBPR - Asocia\u021bia Na\u021bional\u0103  a Bibliotecarilor \u0219i Bibliotecilor Publice din Rom\u00e2nia\" onclick=\"return smWindowpop(this.href, 545,433)\"><img alt = \"\" src = \"https:\/\/anbpr.org.ro\/wp-content\/plugins\/share-me\/\/assets\/images\/cercle\/linkedin.png\"  height=\"32px\"  width=\"32px\"><\/a><\/li><li><a href=\"https:\/\/www.blogger.com\/blog-this.g?u=https:\/\/anbpr.org.ro\/index.php\/despre-noi\/codul-etic-al-bibliotecarului\/&n=Codul+etic+al+bibliotecarului&t=ANBPR - Asocia\u021bia Na\u021bional\u0103  a Bibliotecarilor \u0219i Bibliotecilor Publice din Rom\u00e2nia\" alt=\"Share on Blogger\" title=\"Share on Blogger\" onclick=\"return smWindowpop(this.href, 545,433)\"><img alt = \"\" src = \"https:\/\/anbpr.org.ro\/wp-content\/plugins\/share-me\/\/assets\/images\/cercle\/blogger.png\"  height=\"32px\"  width=\"32px\"><\/a><\/li><\/ul><\/div><br\/><p>Desc\u0103rca\u021bi \u00een format .pdf de <a href=\"http:\/\/anbpr.org.ro\/wp-content\/uploads\/2017\/12\/Codul-etic-al-bibliotecarului.pdf\" target=\"_blank\" rel=\"noopener\">AICI<\/a>.<\/p>\n<p><em>Prezentul cod etic consfinte\u0219te principiile fundamentale ale unei profesii independente. Codul etic se refer\u0103 la obliga\u021biile bibliotecarului fa\u021b\u0103 de profesie, fa\u021b\u0103 de institu\u021bia bibliotecii \u0219i fa\u021b\u0103 de utilizatori.<\/em><\/p>\n<p>Obliga\u021bii fa\u021b\u0103 de profesie:<\/p>\n<ul>\n<li>s\u0103 fie animat de un crez sincer \u0219i un interes maxim pentru profesia sa; s\u0103-\u0219i onoreze profesia con\u0219tientiz\u00e2nd rolul social-educa\u021bional major al acesteia<\/li>\n<li>s\u0103 vegheze \u0219i s\u0103 militeze cu pasiune \u0219i devotament pentru cinstirea demnit\u0103tii \u0219i noble\u021bei profesiunii de bibliotecar; s\u0103-\u0219i \u00eendeplineasc\u0103 misiunea f\u0103r\u0103 avantaje nejustificate \u0219i f\u0103r\u0103 profit necuvenit; s\u0103-\u0219i exercite profesia \u00een respectul valorilor de competen\u021b\u0103, profesionalism \u0219i eficien\u021b\u0103<\/li>\n<li>s\u0103 ofere servicii de \u00eenalt\u0103 calitate, \u00een concordan\u021b\u0103 cu indicatorii de performan\u021b\u0103 specifici, folosind \u00een mod optim resursele de care dispune<\/li>\n<li>s\u0103 promoveze principiul de \u00eenva\u021bare pe toat\u0103 durata vie\u021bii, pentru a-\u0219i \u00eembun\u0103t\u0103\u021bi propriile competen\u021be \u0219i pe cele ale unor categorii c\u00e2t mai largi de utilizatori ai serviciilor de bibliotec\u0103<\/li>\n<li>s\u0103 se opun\u0103 oric\u0103rei tentative de cenzur\u0103 informational\u0103; sa manifeste respect \u0219i corectitudine fa\u021b\u0103 de toate persoanele \u0219i organiza\u021biile cu care coopereaz\u0103 \u00een exercitarea profesiei.<\/li>\n<\/ul>\n<p>Obliga\u021bii fa\u021b\u0103 de institu\u021bia bibliotecii:<\/p>\n<ul>\n<li>s\u0103 fie loial institu\u021biei bibliotecii<\/li>\n<li>s\u0103 cunoasc\u0103 \u0219i s\u0103 participe la elaborarea strategiei \u0219i la realizarea politicilor publice ale bibliotecii<\/li>\n<li>s\u0103 protejeze, s\u0103 \u00eembog\u0103\u021beasc\u0103 \u0219i s\u0103 valorifice \u0219tiin\u021bific patrimoniul bibliotecii<\/li>\n<li>s\u0103 promoveze eficien\u021ba, diversificarea \u0219i independen\u021ba serviciilor bibliotecii ca instrumente ale democra\u021biei; s\u0103 ac\u021bioneze \u00een scopul men\u021binerii \u0219i dezvolt\u0103rii cooper\u0103rii \u0219i a bunei \u00een\u021belegeri \u00eentre toate tipurile de biblioteci<\/li>\n<li>s\u0103 sus\u021bin\u0103 demersurile de asociere \u0219i parteneriat ale bibliotecii cu alte institu\u021bii<\/li>\n<li>s\u0103 se implice activ \u0219i novator \u00een via\u021ba comunit\u0103\u021bii<\/li>\n<li>s\u0103 promoveze biblioteca drept institu\u021bie primordial\u0103 cu rol cultural, informa\u021bional, educa\u021bional \u0219i social<\/li>\n<li>s\u0103 nu se afle \u00eentr-o situa\u021bie de conflict de interese \u0219i s\u0103 nu folosesc\u0103 institu\u021bia \u0219i resursele acesteia \u00een interes personal<\/li>\n<li>s\u0103-\u0219i exercite profesia astfel \u00eenc\u00e2t s\u0103 contribuie la ridicarea prestigiului acesteia<\/li>\n<\/ul>\n<p>Obliga\u021bii fa\u021b\u0103 de utilizatori:<\/p>\n<ul>\n<li>s\u0103 asigure accesul liber \u0219i nelimitat al publicului la informa\u021bii \u0219i documente \u0219i s\u0103 ofere servicii de \u00eenalt\u0103 calitate tuturor utilizatorilor; sa trateze to\u021bi utilizatorii cu egal respect, indiferent de etnie, ras\u0103, v\u00e2rst\u0103, statut social, religie, sex, convingeri religioase sau politice<\/li>\n<li>s\u0103 ofere informa\u021bii complete, obiective \u0219i impar\u021biale, necondi\u021bionate de punctele de vedere, ideile sau valorile personale, nici de ingerin\u021be politice sau interese economice; s\u0103 insufle utilizatorilor sim\u021bul r\u0103spunderii pentru conservarea patrimoniului bibliotecii<\/li>\n<li>s\u0103 respecte intimitatea utilizatorilor, s\u0103 garanteze confiden\u021bialitatea datelor personale ale acestora, a informa\u021biilor solicitate \u0219i a surselor consultate.<\/li>\n<\/ul>\n<p>Fiecare bibliotecar, indiferent de atribu\u021biile specifice pe care le are \u00een cadrul bibliotecii, are datoria s\u0103 adere la principiile fundamentale ale codului \u0219i s\u0103 con\u0219tietizeze faptul c\u0103 este responsabil de respectarea prevederilor acestuia.<\/p>\n<p><em>Prezentul Cod Etic al Bibliotecarului a fost adoptat de Conferin\u021ba General\u0103 a Asocia\u021biei Na\u021bionale a Bibliotecarilor \u0219i Bibliotecilor Publice din Rom\u00e2nia, Gura Humorului, 22-24 aprilie, 2010.<\/em><\/p>\n","protected":false},"excerpt":{"rendered":"<p>Desc\u0103rca\u021bi \u00een format .pdf de AICI. Prezentul cod etic consfinte\u0219te principiile fundamentale ale unei profesii independente. Codul etic se refer\u0103 la obliga\u021biile bibliotecarului fa\u021b\u0103 de profesie, fa\u021b\u0103 de institu\u021bia bibliotecii \u0219i fa\u021b\u0103 de utilizatori. Obliga\u021bii fa\u021b\u0103 de profesie: s\u0103 fie animat de un crez sincer \u0219i un interes maxim pentru profesia sa; s\u0103-\u0219i onoreze profesia <a href=\"https:\/\/anbpr.org.ro\/index.php\/despre-noi\/codul-etic-al-bibliotecarului\/\" rel=\"nofollow\"><span class=\"sr-only\">Read more about Codul etic al bibliotecarului<\/span>[&hellip;]<\/a><\/p>\n","protected":false},"author":2,"featured_media":0,"parent":2,"menu_order":4,"comment_status":"closed","ping_status":"closed","template":"","meta":{"footnotes":""},"class_list":["post-1886","page","type-page","status-publish","hentry"],"_links":{"self":[{"href":"https:\/\/anbpr.org.ro\/index.php\/wp-json\/wp\/v2\/pages\/1886","targetHints":{"allow":["GET"]}}],"collection":[{"href":"https:\/\/anbpr.org.ro\/index.php\/wp-json\/wp\/v2\/pages"}],"about":[{"href":"https:\/\/anbpr.org.ro\/index.php\/wp-json\/wp\/v2\/types\/page"}],"author":[{"embeddable":true,"href":"https:\/\/anbpr.org.ro\/index.php\/wp-json\/wp\/v2\/users\/2"}],"replies":[{"embeddable":true,"href":"https:\/\/anbpr.org.ro\/index.php\/wp-json\/wp\/v2\/comments?post=1886"}],"version-history":[{"count":2,"href":"https:\/\/anbpr.org.ro\/index.php\/wp-json\/wp\/v2\/pages\/1886\/revisions"}],"predecessor-version":[{"id":1890,"href":"https:\/\/anbpr.org.ro\/index.php\/wp-json\/wp\/v2\/pages\/1886\/revisions\/1890"}],"up":[{"embeddable":true,"href":"https:\/\/anbpr.org.ro\/index.php\/wp-json\/wp\/v2\/pages\/2"}],"wp:attachment":[{"href":"https:\/\/anbpr.org.ro\/index.php\/wp-json\/wp\/v2\/media?parent=1886"}],"curies":[{"name":"wp","href":"https:\/\/api.w.org\/{rel}","templated":true}]}}