{"id":1905,"date":"2017-12-15T10:05:23","date_gmt":"2017-12-15T08:05:23","guid":{"rendered":"http:\/\/anbpr.org.ro\/?page_id=1905"},"modified":"2017-12-15T10:33:19","modified_gmt":"2017-12-15T08:33:19","slug":"regulament-premii","status":"publish","type":"page","link":"https:\/\/anbpr.org.ro\/index.php\/premiile-anbpr\/regulament-premii\/","title":{"rendered":"Regulament de acordare a premiilor ANBPR"},"content":{"rendered":"<div id='share-me'><ul class='share-left'><li><a href=\"http:\/\/www.facebook.com\/sharer.php?u=https:\/\/anbpr.org.ro\/index.php\/premiile-anbpr\/regulament-premii\/&t=Regulament+de+acordare+a+premiilor+ANBPR\" alt=\"Share on Facebook\" title=\"Share on Facebook\"   onclick=\"return smWindowpop(this.href,545,433)\"><img alt = \"\" src = \"https:\/\/anbpr.org.ro\/wp-content\/plugins\/share-me\/\/assets\/images\/cercle\/facebook.png\"  height=\"32px\"  width=\"32px\"><\/a><\/li><li><a href=\"http:\/\/twitter.com\/share?text=Regulament+de+acordare+a+premiilor+ANBPR-&url=https:\/\/anbpr.org.ro\/index.php\/premiile-anbpr\/regulament-premii\/&via=ANBPR - Asocia\u021bia Na\u021bional\u0103  a Bibliotecarilor \u0219i Bibliotecilor Publice din Rom\u00e2nia\" alt=\"Tweet This Post\" title=\"Tweet This Post\"  onclick=\"return smWindowpop(this.href,545,433)\"><img alt = \"\" src = \"https:\/\/anbpr.org.ro\/wp-content\/plugins\/share-me\/\/assets\/images\/cercle\/twitter.png\"  height=\"32px\"  width=\"32px\"><\/a><\/li><li><a href=\"https:\/\/plusone.google.com\/_\/+1\/confirm?hl=fr-FR&url=https:\/\/anbpr.org.ro\/index.php\/premiile-anbpr\/regulament-premii\/\" alt=\"Share on Google+\" title=\"Share on Google+\"  target=\"_blank\" onclick=\"return smWindowpop(this.href,545,433)\"><img alt = \"\" src = \"https:\/\/anbpr.org.ro\/wp-content\/plugins\/share-me\/\/assets\/images\/cercle\/googleplus.png\"  height=\"32px\"  width=\"32px\"><\/a><\/li><li><a href=\"http:\/\/www.tumblr.com\/share\/photo?source=&caption=Regulament+de+acordare+a+premiilor+ANBPR&clickthru=https%3A%2F%2Fanbpr.org.ro%2Findex.php%2Fpremiile-anbpr%2Fregulament-premii%2F\" title=\"Share on Tumblr\"  onclick=\"return smWindowpop(this.href,545,433)\"> <img alt = \"\" src = \"https:\/\/anbpr.org.ro\/wp-content\/plugins\/share-me\/\/assets\/images\/cercle\/tumblr.png\"  height=\"32px\"  width=\"32px\"><\/a><\/li><li><a href=\"http:\/\/www.linkedin.com\/shareArticle?mini=true&url=https:\/\/anbpr.org.ro\/index.php\/premiile-anbpr\/regulament-premii\/&title=Regulament+de+acordare+a+premiilor+ANBPR&source=ANBPR - Asocia\u021bia Na\u021bional\u0103  a Bibliotecarilor \u0219i Bibliotecilor Publice din Rom\u00e2nia\" onclick=\"return smWindowpop(this.href, 545,433)\"><img alt = \"\" src = \"https:\/\/anbpr.org.ro\/wp-content\/plugins\/share-me\/\/assets\/images\/cercle\/linkedin.png\"  height=\"32px\"  width=\"32px\"><\/a><\/li><li><a href=\"https:\/\/www.blogger.com\/blog-this.g?u=https:\/\/anbpr.org.ro\/index.php\/premiile-anbpr\/regulament-premii\/&n=Regulament+de+acordare+a+premiilor+ANBPR&t=ANBPR - Asocia\u021bia Na\u021bional\u0103  a Bibliotecarilor \u0219i Bibliotecilor Publice din Rom\u00e2nia\" alt=\"Share on Blogger\" title=\"Share on Blogger\" onclick=\"return smWindowpop(this.href, 545,433)\"><img alt = \"\" src = \"https:\/\/anbpr.org.ro\/wp-content\/plugins\/share-me\/\/assets\/images\/cercle\/blogger.png\"  height=\"32px\"  width=\"32px\"><\/a><\/li><\/ul><\/div><br\/><p>Art. 1. Asocia\u0163ia Na\u0163ional\u0103 a Bibliotecarilor \u015fi Bibliotecilor Publice din Rom\u00e2nia (ANBPR) acord\u0103 anual premii membrilor s\u0103i &#8211; bibliotecari \u015fi biblioteci &#8211; \u00een semn de recunoa\u015ftere a celor mai valoroase proiecte \u015fi ini\u0163iative.<\/p>\n<p>Acordarea acestor premii se \u00eenscrie \u00een seria de ac\u0163iuni ale Asocia\u0163iei de sus\u0163inere \u015fi promovare, prin forme specifice, a profesiei \u015fi institu\u0163iei bibliotecare.<\/p>\n<p>Art. 2. Regulamentul de acordare a premiilor ANBPR este un document public \u0219i este disponibil permanent pe site-ul Asocia\u021biei.<\/p>\n<p>Art. 3. (1) Pot candida pentru ob\u0163inerea de premii bibliotecarii \u0219i bibliotecile care s-au remarcat prin activitate profesional\u0103 \u0219i\/sau \u0219tiin\u021bific\u0103 sus\u021binut\u0103 sau care au ini\u021biat proiecte inovative.<\/p>\n<p style=\"padding-left: 30px;\">(2) Nu pot candida pentru ob\u021binerea de premii membrii Asocia\u021biei care nu \u0219i-au \u00eendeplinit \u00een totalitate obliga\u021biile fa\u021b\u0103 de aceasta.<\/p>\n<p style=\"padding-left: 30px;\">(3) Persoanele alese \u00een func\u0163iile de conducere ale organelor de conducere ale Asocia\u021biei \u015fi pre\u015fedin\u0163ii comisiilor profesionale nu pot candida, pe perioada \u00eendeplinirii mandatului, pentru ob\u021binerea de premii.<\/p>\n<p>Art. 4. Premiile ANBPR se acord\u0103 prin concurs, potrivit voturilor exprimate \u00een mod secret de membrii Consiliului de Conducere al Asocia\u0163iei, care departajeaz\u0103 astfel candidaturile depuse \u015fi acceptate pentru \u00eenscriere, at\u00e2t din partea filialelor, c\u00e2t \u015fi a Biroului Executiv al Asocia\u0163iei.<\/p>\n<p>Art. 5. (1) Anual, se lanseaz\u0103 invita\u021bia de \u00eenscriere pentru sesiunea de premii (concursul de acordare a premiilor) \u00een perioada 15 martie &#8211; 1 aprilie pe site-ul ANBPR.<\/p>\n<p style=\"padding-left: 30px;\">(2) Candidaturile depuse dup\u0103 data limit\u0103 de \u00eenscriere \u015fi cele care nu respect\u0103 cerin\u0163ele prev\u0103zute \u00een prezentul Regulament nu se iau \u00een considerare.<\/p>\n<p>Art. 6. (1) \u00censcrierea la concurs se face pe baza Fi\u015fei de \u00eenscriere \u00eentocmit\u0103 de solicitant \u015fi avizat\u0103 de filiala Asocia\u0163iei (prin semn\u0103tura pre\u015fedintelui) \u015fi de conducerea bibliotecii (prin semn\u0103tura directorului \u015fi \u015ftampila institu\u0163iei) \u00een cazul \u00een care biblioteca este membru al ANBPR ca persoana juridic\u0103.<\/p>\n<p style=\"padding-left: 30px;\">(2) Membrii Biroului Executiv au dreptul s\u0103 efectueze complementar, la categoriile de premii profesionale individuale, c\u00e2te maximum 2 propuneri, ce vor urma de asemenea parcursul legal al valid\u0103rii \u015fi vot\u0103rii finale, men\u0163ionat de prezentul Regulament.<\/p>\n<p style=\"padding-left: 30px;\">(3) Fi\u0219a de \u00eenscriere se transmite prim-vicepre\u015fedintelui Asocia\u0163iei p\u00e2n\u0103 la data de 1 aprilie a anului \u00een curs, pentru realiz\u0103rile din anul anterior premierii.<\/p>\n<p style=\"padding-left: 30px;\">(4) Biroul Executiv verific\u0103 respectarea condi\u0163iilor procedurale de \u00eenscriere la concurs, stabilite prin acest Regulament \u015fi valideaz\u0103 candidaturile transmise de filialele jude\u0163ene.<\/p>\n<p style=\"padding-left: 30px;\">(5) \u00cen termen de 5 zile lucr\u0103toare de la data limit\u0103 men\u0163ionat\u0103, prim-vicepre\u015fedintele va transmite c\u0103tre Consiliul de Conducere al ANBPR candidaturile valide, \u00een vederea vot\u0103rii lor.<\/p>\n<p>Art. 7. (1) Votul Consiliului de Conducere al ANBPR se exercit\u0103 \u00een cadrul \u0219edin\u021bei cele mai apropiate de Conferin\u021ba ANBPR de prim\u0103var\u0103 (BiblioPublica).<\/p>\n<p style=\"padding-left: 30px;\">(2) Membrii Consiliului de Conducere ce absenteaz\u0103, din motive obiective, de la \u0219edin\u021b\u0103, vor transmite votul lor prin e-mail, \u00een ziua de desf\u0103\u0219urare a acesteia.<\/p>\n<p>Art. 8. (1) Votul se exercit\u0103 distinct, pentru fiecare sec\u0163iune, iar c\u00e2\u015ftig\u0103toare este, de fiecare dat\u0103, candidatura care \u00eentrune\u015fte cel mai mare num\u0103r de voturi, dar nu mai pu\u0163in de jum\u0103tate plus unu din totalul voturilor exprimate, condi\u0163ie valabil\u0103 \u015fi pentru candidaturile unice.<\/p>\n<p style=\"padding-left: 30px;\">(2) C\u00e2nd nu se ob\u0163ine minimul voturilor \u201epentru\u201d, men\u0163ionat la alin. (1), precum \u015fi \u00een cazurile de balotaj, votarea se reia doar asupra celor dou\u0103 candidaturi mai bine plasate dup\u0103 turul anterior.<\/p>\n<p style=\"padding-left: 30px;\">(3) \u00cen cazuri speciale, pentru merite deosebite \u015fi sensibil egale, se pot acorda \u015fi premii ex-aequo, cuantumul b\u0103nesc \u00eenjum\u0103t\u0103\u021bindu-se ori dubl\u00e2ndu-se, potrivit resurselor existente \u015fi hot\u0103r\u00e2rii Consiliului de Conducere.<\/p>\n<p>Art. 9. (1) Premiile constau \u00een diplome \u015fi bani, cuantumul sumelor fiind comunicat anual, o dat\u0103 cu anun\u0163area deschiderii perioadei de \u00eenscrieri.<\/p>\n<p style=\"padding-left: 30px;\">(2) Premiile vor fi mediatizate pe site-ul ANBPR \u0219i \u00een mediul profesional.<\/p>\n<p>Art. 10. Premiile ANBPR sunt structurate astfel:<\/p>\n<p style=\"padding-left: 30px;\">A. Sec\u0163iunea dedicat\u0103 activit\u0103\u0163ii profesionale<\/p>\n<p style=\"padding-left: 60px;\">Categorii de premii:<\/p>\n<p style=\"padding-left: 60px;\">I) Cea mai bun\u0103 lucrare de specialitate (monografie sau publica\u021bie serial\u0103);<\/p>\n<p style=\"padding-left: 60px;\">II) Cel mai bun articol \/ studiu de specialitate;<\/p>\n<p style=\"padding-left: 60px;\">III) Cel mai bun program \/ proiect din bibliotec\u0103, pe patru nivele: comunal\u0103, or\u0103\u015feneasc\u0103, municipal\u0103, jude\u0163ean\u0103;<\/p>\n<p style=\"padding-left: 60px;\">IV) Cele mai bune servicii inovative de bibliotec\u0103 (inclusiv cele digitale, precum site de bibliotec\u0103);<\/p>\n<p style=\"padding-left: 60px;\">V) Bibliotecarul anului;<\/p>\n<p style=\"padding-left: 60px;\">VI) Premiul \u201eTraian Brad\u201d pentru merite deosebite \u00een biblioteconomie \u00een \u00eentreaga activitate.<\/p>\n<p style=\"padding-left: 30px;\">B. Sec\u0163iunea dedicat\u0103 activit\u0103\u0163ii de Asocia\u0163ie<\/p>\n<p style=\"padding-left: 60px;\">Categorii de premii:<\/p>\n<p style=\"padding-left: 60px;\">VII) Premiul pentru merite deosebite \u00een activitatea desf\u0103\u015furat\u0103 de un membru la nivelul Asocia\u0163iei;<\/p>\n<p style=\"padding-left: 60px;\">VIII) \u201eFiliala anului\u201d pentru cea mai activ\u0103 filial\u0103 a Asocia\u0163iei \u00een anul anterior premierii.<\/p>\n<p>Art. 10. Criteriile de evaluare, \u00een func\u021bie de categoriile de premii, sunt:<\/p>\n<p style=\"padding-left: 30px;\">Pentru premiile I \u2013 II:<\/p>\n<p style=\"padding-left: 60px;\">&#8211; originalitatea: 40%;<\/p>\n<p style=\"padding-left: 60px;\">&#8211; relevan\u0163a pentru activitatea profesional\u0103: 30%;<\/p>\n<p style=\"padding-left: 60px;\">&#8211; aprecierea \u00een comunitatea profesional\u0103: 30%.<\/p>\n<p style=\"padding-left: 30px;\">Pentru premiul III:<\/p>\n<p style=\"padding-left: 60px;\">&#8211; impactul \u00een comunitate: 30%;<\/p>\n<p style=\"padding-left: 60px;\">&#8211; raportul resurse implicate \u2013 rezultate ob\u0163inute: 30%;<\/p>\n<p style=\"padding-left: 60px;\">&#8211; sustenabilitatea: 15%;<\/p>\n<p style=\"padding-left: 60px;\">&#8211; replicabilitatea: 15%;<\/p>\n<p style=\"padding-left: 60px;\">&#8211; originalitatea: 10%.<\/p>\n<p style=\"padding-left: 30px;\">Pentru premiul IV:<\/p>\n<p style=\"padding-left: 60px;\">&#8211; originalitatea serviciului: 40%;<\/p>\n<p style=\"padding-left: 60px;\">&#8211; u\u0219urin\u021ba \u00een folosire: 20%;<\/p>\n<p style=\"padding-left: 60px;\">&#8211; \u00eembun\u0103t\u0103\u021birea catalogului sau a mecanismelor de comunicare ale colec\u021biei: 10%;<\/p>\n<p style=\"padding-left: 60px;\">&#8211; licen\u021bierea liber\u0103 \u0219i acordarea dreptului de reutilizare: 10%;<\/p>\n<p style=\"padding-left: 60px;\">&#8211; impactul asupra ridic\u0103rii nivelului de cunoa\u0219tere \u0219tiin\u021bific\u0103: 10%;<\/p>\n<p style=\"padding-left: 60px;\">&#8211; efectul transformativ asupra \u00eendeplinirii misiunii institu\u021biei: 10%.<\/p>\n<p style=\"padding-left: 30px;\">Pentru premiile din categoriile V \u2013 VI:<\/p>\n<p style=\"padding-left: 60px;\">&#8211; preocup\u0103ri concrete viz\u00e2nd \u00eembun\u0103t\u0103\u0163irea cadrului de exercitare a profesiei: 30%;<\/p>\n<p style=\"padding-left: 60px;\">&#8211; ac\u0163iuni concrete de promovare prin orice mijloace a valorilor profesiei: 20%;<\/p>\n<p style=\"padding-left: 60px;\">&#8211; activit\u0103\u0163i de sus\u0163inere \u015fi promovare a institu\u0163iei bibliotecare \u015fi a profesiei de bibliotecar, cu efecte concrete \u00een comunitate sau \u00een plan na\u0163ional: 40%;<\/p>\n<p style=\"padding-left: 60px;\">&#8211; devotament fa\u0163\u0103 de profesie \u015fi probitate moral\u0103: 10%.<\/p>\n<p style=\"padding-left: 30px;\">Pentru premiile din categoriile VII \u2013 VIII:<\/p>\n<p style=\"padding-left: 60px;\">&#8211; contribu\u0163ia la dezvoltarea organiza\u0163ional\u0103 a ANBPR: 30%;<\/p>\n<p style=\"padding-left: 60px;\">&#8211; programe sau proiecte de succes ale filialei, demarate sau \u00een derulare (descrierea aspectelor relevante): 30%;<\/p>\n<p style=\"padding-left: 60px;\">&#8211; activit\u0103\u0163i de impact, care pot constitui exemple de bune practici \u00een ANBPR: 15%;<\/p>\n<p style=\"padding-left: 60px;\">&#8211; atragere de fonduri \u00een beneficiul filialei ANBPR: 15%;<\/p>\n<p style=\"padding-left: 60px;\">&#8211; alte activit\u0103\u0163i, ini\u0163iative, realiz\u0103ri, colabor\u0103ri \u00een ANBPR: 10%.<\/p>\n<p style=\"padding-left: 30px;\">Anexe:<\/p>\n<p style=\"padding-left: 30px;\">Fi\u015fa de \u00eenscriere pentru premiul I va con\u021bine:<\/p>\n<p style=\"padding-left: 60px;\">&#8211; titlul monografiei\/publica\u021biei seriale;<\/p>\n<p style=\"padding-left: 60px;\">&#8211; numele \u015fi prenumele autorului \/ autorilor;<\/p>\n<p style=\"padding-left: 60px;\">&#8211; locul de munc\u0103 al autorului \/ autorilor (compartimentul \u015fi func\u0163ia);<\/p>\n<p style=\"padding-left: 60px;\">&#8211; datele de identificare a lucr\u0103rii (ISBN \/ ISSN);<\/p>\n<p style=\"padding-left: 60px;\">&#8211; descrierea \u00een maxim 400 de cuvinte a lucr\u0103rii propuse \u015fi a relevan\u0163ei ei pentru activitatea profesional\u0103.<\/p>\n<p style=\"padding-left: 30px;\">Fi\u015fa de \u00eenscriere pentru premiul II va con\u0163ine:<\/p>\n<p style=\"padding-left: 60px;\">&#8211; titlul studiului \/ articolului;<\/p>\n<p style=\"padding-left: 60px;\">&#8211; autor \/ autori;<\/p>\n<p style=\"padding-left: 60px;\">&#8211; date de identificare ale publica\u0163iei gazd\u0103;<\/p>\n<p style=\"padding-left: 60px;\">&#8211; descrierea \u00een maxim 400 de cuvinte a lucr\u0103rii propuse \u015fi a relevan\u0163ei ei pentru activitatea profesional\u0103;<\/p>\n<p style=\"padding-left: 60px;\">&#8211; link-ul c\u0103tre publica\u0163ia gazd\u0103, unde este men\u0163ionat \u00een cuprins sau se reg\u0103se\u015fte integral articolul (dac\u0103 este cazul).<\/p>\n<p style=\"padding-left: 30px;\">Fi\u015fa de \u00eenscriere va fi \u00eenso\u0163it\u0103 obligatoriu de transmiterea \u00een format electronic a articolului \/ studiului.<\/p>\n<p style=\"padding-left: 30px;\">Fi\u015fa de \u00eenscriere pentru premiul III va con\u021bine:<\/p>\n<p style=\"padding-left: 60px;\">&#8211; titlul programului\/ proiectului;<\/p>\n<p style=\"padding-left: 60px;\">&#8211; biblioteca organizatoare;<\/p>\n<p style=\"padding-left: 60px;\">&#8211; perioada de desf\u0103\u015furare a programului\/ proiectului;<\/p>\n<p style=\"padding-left: 60px;\">&#8211; finan\u0163are: DA\/ NU;<\/p>\n<p style=\"padding-left: 60px;\">&#8211; tipul programului\/ proiectului: educa\u0163ional, de informare, recreativ, cultural, tehnologic, inter-genera\u0163ional, de voluntariat;<\/p>\n<p style=\"padding-left: 60px;\">&#8211; descrierea va cuprinde: scopul \u015fi obiectivele programului\/ proiectului, grupul \u0163int\u0103, materialele \u015fi echipamentele necesare pentru desf\u0103\u015furarea activit\u0103\u0163ilor, costul aproximativ, principalele etape, sursa de inspira\u0163ie a programului (dac\u0103 programul a fost preluat sau este original);<\/p>\n<p style=\"padding-left: 60px;\">&#8211; link-ul c\u0103tre program;<\/p>\n<p style=\"padding-left: 60px;\">&#8211; rezultate ob\u0163inute, impact;<\/p>\n<p style=\"padding-left: 60px;\">&#8211; fotografii din cadrul activit\u0103\u0163ii.<\/p>\n<p style=\"padding-left: 30px;\">Fi\u015fa de \u00eenscriere pentru premiul IV va con\u021bine:<\/p>\n<p style=\"padding-left: 60px;\">&#8211; titlul serviciului;<\/p>\n<p style=\"padding-left: 60px;\">&#8211; biblioteca organizatoare;<\/p>\n<p style=\"padding-left: 60px;\">&#8211; zona de valorificare (digital\u0103, fizic\u0103 \u2013 digital\u0103, digital \u2013 digital);<\/p>\n<p style=\"padding-left: 60px;\">&#8211; exercitarea serviciului inovativ (activitatea de bibliotec\u0103, interac\u021biunea cu membrii comunit\u0103\u021bii, interac\u021biune cu ter\u021bi sau inedit);<\/p>\n<p style=\"padding-left: 60px;\">&#8211; descrierea va cuprinde: obiectivul serviciului, resursele folosite, domeniul valorificat (istoria local\u0103, patrimoniu mobil, imobil etc.), obiectivele urm\u0103rite prin instala\u021biile, echipamentele \u0219i resursele digitale instalate sau serviciul care \u00eembun\u0103t\u0103\u021be\u0219te, extinde sau inoveaz\u0103 activitatea de management informa\u021bional. \u00cen cazul folosirii, agreg\u0103rii sau vehicul\u0103rii (API) de resurse digitale, vor fi men\u021bionate standardele interna\u021bionale acceptate, standardele de metadate \u0219i\/sau capacit\u0103\u021bile software cu surs\u0103 deschis\u0103 implicate. \u00cen cazul dezvolt\u0103rii de servicii inedite vor fi descrise p\u0103r\u021bile \u0219i interac\u021biunile care prezint\u0103 serviciul a fi unul inovativ. \u00cen cazul spa\u021biilor destinate crea\u021biei \u0219i co-cre\u0103rii \u00abmakerspaces, spa\u021bii de explorare tehnic\u0103 etc\u00bb, vor fi descrise fluxurile de lucru \u0219i cum sunt valorificate resursele bibliotecii dincolo de spa\u021biul de g\u0103zduire. Vor fi men\u021bionate licen\u021bele sub care sunt folosite resursele \u0219i software-ul;<\/p>\n<p style=\"padding-left: 60px;\">&#8211; link-ul c\u0103tre zona de promovare \u0219i\/sau interac\u021biune direct\u0103 cu serviciul;<\/p>\n<p style=\"padding-left: 60px;\">&#8211; impactul \u00een comunitate;<\/p>\n<p style=\"padding-left: 60px;\">&#8211; documentare fotografic\u0103, blog etc.<\/p>\n<p style=\"padding-left: 30px;\">Fi\u015fa de \u00eenscriere pentru premiile V \u2013 VI va con\u021bine:<\/p>\n<p style=\"padding-left: 60px;\">&#8211; biblioteca\/ filiala Asocia\u0163iei;<\/p>\n<p style=\"padding-left: 60px;\">&#8211; numele \u015fi prenumele bibliotecarului;<\/p>\n<p style=\"padding-left: 60px;\">&#8211; vechimea \u00een bibliotec\u0103, locul de munc\u0103, compartimentul \u015fi func\u0163iile de\u021binute;<\/p>\n<p style=\"padding-left: 60px;\">func\u0163ii la nivelul Asocia\u0163iei, filialei;<\/p>\n<p style=\"padding-left: 60px;\">&#8211; ini\u0163iative \u015fi proiecte personale importante la nivel de filial\u0103, Asocia\u0163ie \u015fi bibliotec\u0103;<\/p>\n<p style=\"padding-left: 60px;\">&#8211; recomandare din partea directorului bibliotecii \u015fi\/sau pre\u015fedintelui filialei, \u00een care s\u0103 fie subliniate meritele persoanei;<\/p>\n<p style=\"padding-left: 60px;\">&#8211; referin\u0163e despre proiectele\/ programele propuse de respectivul bibliotecar.<\/p>\n<p style=\"padding-left: 30px;\">Fi\u015fa de \u00eenscriere pentru premiile VII \u2013 VIII va con\u021bine:<\/p>\n<p style=\"padding-left: 60px;\">&#8211; Filiala (jude\u0163ul);<\/p>\n<p style=\"padding-left: 60px;\">&#8211; Anul \u00eenfiin\u0163\u0103rii filialei;<\/p>\n<p style=\"padding-left: 60px;\">&#8211; Total personal de specialitate \u00een bibliotecile publice din jude\u0163;<\/p>\n<p style=\"padding-left: 60px;\">&#8211; Num\u0103rul de membri persoane fizice;<\/p>\n<p style=\"padding-left: 60px;\">&#8211; Num\u0103rul de membri persoane juridice;<\/p>\n<p style=\"padding-left: 30px;\">Descrierea, \u00een maxim 400 de cuvinte, a activit\u0103\u0163ilor realizate de candidat\/filial\u0103 la nivelul Asocia\u0163iei \u015fi a relevan\u0163ei lor pentru activitatea asociativ\u0103.<\/p>\n<p>Desc\u0103rca\u021bi regulamentul \u00een format .docx de aici: <a href=\"http:\/\/anbpr.org.ro\/wp-content\/uploads\/2017\/12\/Regulament-de-acordare-a-premiilor-ANBPR-actualizat-2017.docx\">Regulament de acordare a premiilor ANBPR &#8211; actualizat 2017<\/a>.<\/p>\n","protected":false},"excerpt":{"rendered":"<p>Art. 1. Asocia\u0163ia Na\u0163ional\u0103 a Bibliotecarilor \u015fi Bibliotecilor Publice din Rom\u00e2nia (ANBPR) acord\u0103 anual premii membrilor s\u0103i &#8211; bibliotecari \u015fi biblioteci &#8211; \u00een semn de recunoa\u015ftere a celor mai valoroase proiecte \u015fi ini\u0163iative. Acordarea acestor premii se \u00eenscrie \u00een seria de ac\u0163iuni ale Asocia\u0163iei de sus\u0163inere \u015fi promovare, prin forme specifice, a profesiei \u015fi institu\u0163iei <a href=\"https:\/\/anbpr.org.ro\/index.php\/premiile-anbpr\/regulament-premii\/\" rel=\"nofollow\"><span class=\"sr-only\">Read more about Regulament de acordare a premiilor ANBPR<\/span>[&hellip;]<\/a><\/p>\n","protected":false},"author":2,"featured_media":0,"parent":207,"menu_order":1,"comment_status":"closed","ping_status":"closed","template":"","meta":{"footnotes":""},"class_list":["post-1905","page","type-page","status-publish","hentry"],"_links":{"self":[{"href":"https:\/\/anbpr.org.ro\/index.php\/wp-json\/wp\/v2\/pages\/1905","targetHints":{"allow":["GET"]}}],"collection":[{"href":"https:\/\/anbpr.org.ro\/index.php\/wp-json\/wp\/v2\/pages"}],"about":[{"href":"https:\/\/anbpr.org.ro\/index.php\/wp-json\/wp\/v2\/types\/page"}],"author":[{"embeddable":true,"href":"https:\/\/anbpr.org.ro\/index.php\/wp-json\/wp\/v2\/users\/2"}],"replies":[{"embeddable":true,"href":"https:\/\/anbpr.org.ro\/index.php\/wp-json\/wp\/v2\/comments?post=1905"}],"version-history":[{"count":5,"href":"https:\/\/anbpr.org.ro\/index.php\/wp-json\/wp\/v2\/pages\/1905\/revisions"}],"predecessor-version":[{"id":1912,"href":"https:\/\/anbpr.org.ro\/index.php\/wp-json\/wp\/v2\/pages\/1905\/revisions\/1912"}],"up":[{"embeddable":true,"href":"https:\/\/anbpr.org.ro\/index.php\/wp-json\/wp\/v2\/pages\/207"}],"wp:attachment":[{"href":"https:\/\/anbpr.org.ro\/index.php\/wp-json\/wp\/v2\/media?parent=1905"}],"curies":[{"name":"wp","href":"https:\/\/api.w.org\/{rel}","templated":true}]}}