{"id":230,"date":"2017-03-19T14:02:24","date_gmt":"2017-03-19T12:02:24","guid":{"rendered":"http:\/\/anbpr.s-a-f.ro\/?page_id=230"},"modified":"2017-03-20T07:12:10","modified_gmt":"2017-03-20T05:12:10","slug":"2014-2","status":"publish","type":"page","link":"https:\/\/anbpr.org.ro\/index.php\/premiile-anbpr\/2014-2\/","title":{"rendered":"2014"},"content":{"rendered":"<div id='share-me'><ul class='share-left'><li><a href=\"http:\/\/www.facebook.com\/sharer.php?u=https:\/\/anbpr.org.ro\/index.php\/premiile-anbpr\/2014-2\/&t=2014\" alt=\"Share on Facebook\" title=\"Share on Facebook\"   onclick=\"return smWindowpop(this.href,545,433)\"><img alt = \"\" src = \"https:\/\/anbpr.org.ro\/wp-content\/plugins\/share-me\/\/assets\/images\/cercle\/facebook.png\"  height=\"32px\"  width=\"32px\"><\/a><\/li><li><a href=\"http:\/\/twitter.com\/share?text=2014-&url=https:\/\/anbpr.org.ro\/index.php\/premiile-anbpr\/2014-2\/&via=ANBPR - Asocia\u021bia Na\u021bional\u0103  a Bibliotecarilor \u0219i Bibliotecilor Publice din Rom\u00e2nia\" alt=\"Tweet This Post\" title=\"Tweet This Post\"  onclick=\"return smWindowpop(this.href,545,433)\"><img alt = \"\" src = \"https:\/\/anbpr.org.ro\/wp-content\/plugins\/share-me\/\/assets\/images\/cercle\/twitter.png\"  height=\"32px\"  width=\"32px\"><\/a><\/li><li><a href=\"https:\/\/plusone.google.com\/_\/+1\/confirm?hl=fr-FR&url=https:\/\/anbpr.org.ro\/index.php\/premiile-anbpr\/2014-2\/\" alt=\"Share on Google+\" title=\"Share on Google+\"  target=\"_blank\" onclick=\"return smWindowpop(this.href,545,433)\"><img alt = \"\" src = \"https:\/\/anbpr.org.ro\/wp-content\/plugins\/share-me\/\/assets\/images\/cercle\/googleplus.png\"  height=\"32px\"  width=\"32px\"><\/a><\/li><li><a href=\"http:\/\/www.tumblr.com\/share\/photo?source=&caption=2014&clickthru=https%3A%2F%2Fanbpr.org.ro%2Findex.php%2Fpremiile-anbpr%2F2014-2%2F\" title=\"Share on Tumblr\"  onclick=\"return smWindowpop(this.href,545,433)\"> <img alt = \"\" src = \"https:\/\/anbpr.org.ro\/wp-content\/plugins\/share-me\/\/assets\/images\/cercle\/tumblr.png\"  height=\"32px\"  width=\"32px\"><\/a><\/li><li><a href=\"http:\/\/www.linkedin.com\/shareArticle?mini=true&url=https:\/\/anbpr.org.ro\/index.php\/premiile-anbpr\/2014-2\/&title=2014&source=ANBPR - Asocia\u021bia Na\u021bional\u0103  a Bibliotecarilor \u0219i Bibliotecilor Publice din Rom\u00e2nia\" onclick=\"return smWindowpop(this.href, 545,433)\"><img alt = \"\" src = \"https:\/\/anbpr.org.ro\/wp-content\/plugins\/share-me\/\/assets\/images\/cercle\/linkedin.png\"  height=\"32px\"  width=\"32px\"><\/a><\/li><li><a href=\"https:\/\/www.blogger.com\/blog-this.g?u=https:\/\/anbpr.org.ro\/index.php\/premiile-anbpr\/2014-2\/&n=2014&t=ANBPR - Asocia\u021bia Na\u021bional\u0103  a Bibliotecarilor \u0219i Bibliotecilor Publice din Rom\u00e2nia\" alt=\"Share on Blogger\" title=\"Share on Blogger\" onclick=\"return smWindowpop(this.href, 545,433)\"><img alt = \"\" src = \"https:\/\/anbpr.org.ro\/wp-content\/plugins\/share-me\/\/assets\/images\/cercle\/blogger.png\"  height=\"32px\"  width=\"32px\"><\/a><\/li><\/ul><\/div><br\/><div class=\"entry-content\">\n<h2><strong>PREMIILE ANBPR PE ANUL 2014<\/strong><\/h2>\n<p>\u00cen cadrul Conferin\u021bei de la Bu\u0219teni, din 28-29 octombrie 2015, s-au \u00eenm\u00e2nat premiile ANBPR aferente anului 2014, dup\u0103 cum urmeaz\u0103:<\/p>\n<p><strong>Premii privind activitatea profesional\u0103:<\/strong><\/p>\n<p><strong>Cea mai bun\u0103 lucrare de specialitate<\/strong><\/p>\n<p><em>Bibliografii, biobibliografii, dic\u021bionare<\/em><\/p>\n<ul>\n<li>Cronologia presei germane din jude\u021bul Bra\u0219ov, Ruxandra Moa\u0219a Nazare &#8211; Biblioteca Jude\u021bean\u0103 &#8222;George Bari\u021biu&#8221; Bra\u0219ov<\/li>\n<\/ul>\n<p><strong>Contribu\u021bii biblioteconomice<\/strong><\/p>\n<p><em>Programe, proiecte (de anvergur\u0103 local\u0103)<\/em><\/p>\n<ul>\n<li>B\u0103t\u0103lia C\u0103r\u021bilor &#8211; Biblioteca Jude\u021bean\u0103 &#8222;Octavian Goga&#8221; Cluj<\/li>\n<\/ul>\n<p><strong>\u201eBibliotecarul anului\u201d, pentru merite deosebite \u00een biblioteconomie \u00een anul 2014<\/strong><\/p>\n<ul>\n<li>Margareta T\u0103t\u0103ru\u0219 &#8211; Biblioteca Jude\u021bean\u0103 &#8222;Duiliu Zamfirescu&#8221; Vrancea<\/li>\n<\/ul>\n<p><strong>Premiul \u201eTraian Brad\u201d \u2013 pentru merite deosebite \u00een biblioteconomie \u00eentr-un\u00a0deceniu de activitate<\/strong><\/p>\n<ul>\n<li>Anamaria Dudescu &#8211; Biblioteca Jude\u021bean\u0103 &#8222;Octavian Goga&#8221; Cluj<\/li>\n<\/ul>\n<\/div>\n","protected":false},"excerpt":{"rendered":"<p>PREMIILE ANBPR PE ANUL 2014 \u00cen cadrul Conferin\u021bei de la Bu\u0219teni, din 28-29 octombrie 2015, s-au \u00eenm\u00e2nat premiile ANBPR aferente anului 2014, dup\u0103 cum urmeaz\u0103: Premii privind activitatea profesional\u0103: Cea mai bun\u0103 lucrare de specialitate Bibliografii, biobibliografii, dic\u021bionare Cronologia presei germane din jude\u021bul Bra\u0219ov, Ruxandra Moa\u0219a Nazare &#8211; Biblioteca Jude\u021bean\u0103 &#8222;George Bari\u021biu&#8221; Bra\u0219ov Contribu\u021bii biblioteconomice <a href=\"https:\/\/anbpr.org.ro\/index.php\/premiile-anbpr\/2014-2\/\" rel=\"nofollow\"><span class=\"sr-only\">Read more about 2014<\/span>[&hellip;]<\/a><\/p>\n","protected":false},"author":2,"featured_media":0,"parent":207,"menu_order":2,"comment_status":"closed","ping_status":"closed","template":"","meta":{"footnotes":""},"class_list":["post-230","page","type-page","status-publish","hentry"],"_links":{"self":[{"href":"https:\/\/anbpr.org.ro\/index.php\/wp-json\/wp\/v2\/pages\/230","targetHints":{"allow":["GET"]}}],"collection":[{"href":"https:\/\/anbpr.org.ro\/index.php\/wp-json\/wp\/v2\/pages"}],"about":[{"href":"https:\/\/anbpr.org.ro\/index.php\/wp-json\/wp\/v2\/types\/page"}],"author":[{"embeddable":true,"href":"https:\/\/anbpr.org.ro\/index.php\/wp-json\/wp\/v2\/users\/2"}],"replies":[{"embeddable":true,"href":"https:\/\/anbpr.org.ro\/index.php\/wp-json\/wp\/v2\/comments?post=230"}],"version-history":[{"count":4,"href":"https:\/\/anbpr.org.ro\/index.php\/wp-json\/wp\/v2\/pages\/230\/revisions"}],"predecessor-version":[{"id":523,"href":"https:\/\/anbpr.org.ro\/index.php\/wp-json\/wp\/v2\/pages\/230\/revisions\/523"}],"up":[{"embeddable":true,"href":"https:\/\/anbpr.org.ro\/index.php\/wp-json\/wp\/v2\/pages\/207"}],"wp:attachment":[{"href":"https:\/\/anbpr.org.ro\/index.php\/wp-json\/wp\/v2\/media?parent=230"}],"curies":[{"name":"wp","href":"https:\/\/api.w.org\/{rel}","templated":true}]}}