{"id":254,"date":"2017-03-19T15:41:57","date_gmt":"2017-03-19T13:41:57","guid":{"rendered":"http:\/\/anbpr.s-a-f.ro\/?page_id=254"},"modified":"2017-03-19T15:51:08","modified_gmt":"2017-03-19T13:51:08","slug":"2011-2","status":"publish","type":"page","link":"https:\/\/anbpr.org.ro\/index.php\/premiile-anbpr\/2011-2\/","title":{"rendered":"2011"},"content":{"rendered":"<div id='share-me'><ul class='share-left'><li><a href=\"http:\/\/www.facebook.com\/sharer.php?u=https:\/\/anbpr.org.ro\/index.php\/premiile-anbpr\/2011-2\/&t=2011\" alt=\"Share on Facebook\" title=\"Share on Facebook\"   onclick=\"return smWindowpop(this.href,545,433)\"><img alt = \"\" src = \"https:\/\/anbpr.org.ro\/wp-content\/plugins\/share-me\/\/assets\/images\/cercle\/facebook.png\"  height=\"32px\"  width=\"32px\"><\/a><\/li><li><a href=\"http:\/\/twitter.com\/share?text=2011-&url=https:\/\/anbpr.org.ro\/index.php\/premiile-anbpr\/2011-2\/&via=ANBPR - Asocia\u021bia Na\u021bional\u0103  a Bibliotecarilor \u0219i Bibliotecilor Publice din Rom\u00e2nia\" alt=\"Tweet This Post\" title=\"Tweet This Post\"  onclick=\"return smWindowpop(this.href,545,433)\"><img alt = \"\" src = \"https:\/\/anbpr.org.ro\/wp-content\/plugins\/share-me\/\/assets\/images\/cercle\/twitter.png\"  height=\"32px\"  width=\"32px\"><\/a><\/li><li><a href=\"https:\/\/plusone.google.com\/_\/+1\/confirm?hl=fr-FR&url=https:\/\/anbpr.org.ro\/index.php\/premiile-anbpr\/2011-2\/\" alt=\"Share on Google+\" title=\"Share on Google+\"  target=\"_blank\" onclick=\"return smWindowpop(this.href,545,433)\"><img alt = \"\" src = \"https:\/\/anbpr.org.ro\/wp-content\/plugins\/share-me\/\/assets\/images\/cercle\/googleplus.png\"  height=\"32px\"  width=\"32px\"><\/a><\/li><li><a href=\"http:\/\/www.tumblr.com\/share\/photo?source=&caption=2011&clickthru=https%3A%2F%2Fanbpr.org.ro%2Findex.php%2Fpremiile-anbpr%2F2011-2%2F\" title=\"Share on Tumblr\"  onclick=\"return smWindowpop(this.href,545,433)\"> <img alt = \"\" src = \"https:\/\/anbpr.org.ro\/wp-content\/plugins\/share-me\/\/assets\/images\/cercle\/tumblr.png\"  height=\"32px\"  width=\"32px\"><\/a><\/li><li><a href=\"http:\/\/www.linkedin.com\/shareArticle?mini=true&url=https:\/\/anbpr.org.ro\/index.php\/premiile-anbpr\/2011-2\/&title=2011&source=ANBPR - Asocia\u021bia Na\u021bional\u0103  a Bibliotecarilor \u0219i Bibliotecilor Publice din Rom\u00e2nia\" onclick=\"return smWindowpop(this.href, 545,433)\"><img alt = \"\" src = \"https:\/\/anbpr.org.ro\/wp-content\/plugins\/share-me\/\/assets\/images\/cercle\/linkedin.png\"  height=\"32px\"  width=\"32px\"><\/a><\/li><li><a href=\"https:\/\/www.blogger.com\/blog-this.g?u=https:\/\/anbpr.org.ro\/index.php\/premiile-anbpr\/2011-2\/&n=2011&t=ANBPR - Asocia\u021bia Na\u021bional\u0103  a Bibliotecarilor \u0219i Bibliotecilor Publice din Rom\u00e2nia\" alt=\"Share on Blogger\" title=\"Share on Blogger\" onclick=\"return smWindowpop(this.href, 545,433)\"><img alt = \"\" src = \"https:\/\/anbpr.org.ro\/wp-content\/plugins\/share-me\/\/assets\/images\/cercle\/blogger.png\"  height=\"32px\"  width=\"32px\"><\/a><\/li><\/ul><\/div><br\/><h2>Premiile ANBPR 2011<\/h2>\n<p>\u00cen cadrul Conferin\u021bei ANBPR BiblioPublica ce s-a desf\u0103\u0219urat la T\u00e2rgu-Mure\u0219, \u00een perioada 26-28 aprilie 2012, s-au acordat urm\u0103toarele premii:<\/p>\n<p><strong>Premii privind activitatea profesional\u0103<\/strong><\/p>\n<p><strong>Cea mai bun\u0103 lucrare de specialitate<\/strong><\/p>\n<p><em>Studii \u0219i cercet\u0103ri sub form\u0103 de volum<\/em><\/p>\n<ul>\n<li>\u201eMaramure\u015ful din cuvinte: antologie subiectiv\u0103 de texte despre Maramure\u015f din colec\u0163iile Bibliotecii Jude\u0163ene \u201ePetre Dulfu\u201d, Biblioteca Jude\u0163ean\u0103 \u201ePetre Dulfu\u201d Baia Mare \u2013 Coordonator Dr. Teodor Ardelean<\/li>\n<\/ul>\n<p><em>Bibliografii, biobibliografii, dic\u021bionare<\/em><\/p>\n<ul>\n<li>\u201eDic\u021bionarul biobibliografic: S\u0103laj &#8211; Oameni \u0219i opere\u201d, Biblioteca Jude\u021bean\u0103 S\u0103laj &#8211; Coordonator: Florica Pop<\/li>\n<\/ul>\n<p><em>Ghid de bibliotec\u0103<\/em><\/p>\n<ul>\n<li>\u201eBiblioteca Jude\u0163ean\u0103 &#8222;Panait Istrati&#8221;. 130 de ani de bibliotec\u0103 public\u0103 la Br\u0103ila: 1881-2011\u201d, Biblioteca Jude\u0163ean\u0103 &#8222;Panait Istrati&#8221; Br\u0103ila \u2013 Colectivului de redac\u0163ie<\/li>\n<li>\u201eBiblioteca Jude\u021bean\u0103 Satu Mare: Ghid 2011\u201d, Biblioteca Jude\u021bean\u0103 Satu Mare \u2013 Coordonator Ioan Mircea Ardelean<\/li>\n<\/ul>\n<p><strong>Cea mai bun\u0103 publica\u021bie serial\u0103 de specialitate<\/strong><\/p>\n<p><em>Publica\u021bie ap\u0103rut\u0103 \u00een ultimii trei ani\u00a0<\/em><\/p>\n<ul>\n<li>\u201eAnuarul evenimentelor culturale 2011\u201d, Biblioteca Jude\u021bean\u0103 \u201eV.A. Urechia\u201d Gala\u021bi \u2013 colectivului de redac\u021bie<\/li>\n<\/ul>\n<p><em>Publica\u021bie cu o vechime mai mare de 3 ani\u00a0<\/em><\/p>\n<ul>\n<li>\u201eBibliotheca septentrionalis\u201d, Biblioteca Jude\u0163ean\u0103 \u201ePetre Dulfu\u201d Baia Mare \u2013 Coordonator Angela Monica Jucan<\/li>\n<\/ul>\n<p><strong>Contribu\u021bii biblioteconomice<\/strong><\/p>\n<p><em>Studii \u0219i articole \u00een publica\u021bii de specialitate<\/em><\/p>\n<ul>\n<li>\u201eDin umbra c\u0103r\u0163ilor &#8211; bucuriile bibliofiliei \u00een Filologie \u015fi bibliologie\u201d, Lucre\u021bia Picui \u2013 Biblioteca Jude\u021bean\u0103 \u201eDinicu Golescu\u201d Arge\u0219<\/li>\n<\/ul>\n<p><strong>Cel mai bun site de bibliotec\u0103\u00a0<\/strong><\/p>\n<ul>\n<li>www.bjarges.ro, Biblioteca Jude\u021bean\u0103 Arge\u0219<\/li>\n<\/ul>\n<p><strong>Bibliotecarul anului<\/strong><\/p>\n<ul>\n<li>Corina Ciuraru, Biblioteca Jude\u021bean\u0103 \u201ePanait Istrati\u201d Br\u0103ila, Filiala ANBPR Br\u0103ila<\/li>\n<\/ul>\n<p><strong>Premiul de excelen\u021b\u0103\u00a0<\/strong><\/p>\n<ul>\n<li>Angela C\u00e2mpian, Biblioteca Jude\u021bean\u0103 Satu Mare<\/li>\n<\/ul>\n<p><strong>Premii privind activitatea \u00een Asocia\u021bie<\/strong><\/p>\n<p><strong>Filiala anului<\/strong><\/p>\n<ul>\n<li>Filiala ANBPR Vrancea<\/li>\n<\/ul>\n<p><strong>Diploma de Merit<\/strong><\/p>\n<ul>\n<li>Grupului Impact, pentru realizarea Ghidului de bune practici \u00een situa\u021bii de risc, 2011<\/li>\n<\/ul>\n","protected":false},"excerpt":{"rendered":"<p>Premiile ANBPR 2011 \u00cen cadrul Conferin\u021bei ANBPR BiblioPublica ce s-a desf\u0103\u0219urat la T\u00e2rgu-Mure\u0219, \u00een perioada 26-28 aprilie 2012, s-au acordat urm\u0103toarele premii: Premii privind activitatea profesional\u0103 Cea mai bun\u0103 lucrare de specialitate Studii \u0219i cercet\u0103ri sub form\u0103 de volum \u201eMaramure\u015ful din cuvinte: antologie subiectiv\u0103 de texte despre Maramure\u015f din colec\u0163iile Bibliotecii Jude\u0163ene \u201ePetre Dulfu\u201d, Biblioteca <a href=\"https:\/\/anbpr.org.ro\/index.php\/premiile-anbpr\/2011-2\/\" rel=\"nofollow\"><span class=\"sr-only\">Read more about 2011<\/span>[&hellip;]<\/a><\/p>\n","protected":false},"author":2,"featured_media":0,"parent":207,"menu_order":5,"comment_status":"closed","ping_status":"closed","template":"","meta":{"footnotes":""},"class_list":["post-254","page","type-page","status-publish","hentry"],"_links":{"self":[{"href":"https:\/\/anbpr.org.ro\/index.php\/wp-json\/wp\/v2\/pages\/254","targetHints":{"allow":["GET"]}}],"collection":[{"href":"https:\/\/anbpr.org.ro\/index.php\/wp-json\/wp\/v2\/pages"}],"about":[{"href":"https:\/\/anbpr.org.ro\/index.php\/wp-json\/wp\/v2\/types\/page"}],"author":[{"embeddable":true,"href":"https:\/\/anbpr.org.ro\/index.php\/wp-json\/wp\/v2\/users\/2"}],"replies":[{"embeddable":true,"href":"https:\/\/anbpr.org.ro\/index.php\/wp-json\/wp\/v2\/comments?post=254"}],"version-history":[{"count":3,"href":"https:\/\/anbpr.org.ro\/index.php\/wp-json\/wp\/v2\/pages\/254\/revisions"}],"predecessor-version":[{"id":257,"href":"https:\/\/anbpr.org.ro\/index.php\/wp-json\/wp\/v2\/pages\/254\/revisions\/257"}],"up":[{"embeddable":true,"href":"https:\/\/anbpr.org.ro\/index.php\/wp-json\/wp\/v2\/pages\/207"}],"wp:attachment":[{"href":"https:\/\/anbpr.org.ro\/index.php\/wp-json\/wp\/v2\/media?parent=254"}],"curies":[{"name":"wp","href":"https:\/\/api.w.org\/{rel}","templated":true}]}}