{"id":465,"date":"2017-03-19T19:23:07","date_gmt":"2017-03-19T17:23:07","guid":{"rendered":"http:\/\/anbpr.s-a-f.ro\/?page_id=465"},"modified":"2017-03-19T19:23:07","modified_gmt":"2017-03-19T17:23:07","slug":"a-xxiv-a-conferinta-nationala-a-anbpr-2013","status":"publish","type":"page","link":"https:\/\/anbpr.org.ro\/index.php\/conferinte\/a-xxiv-a-conferinta-nationala-a-anbpr-2013\/","title":{"rendered":"A XXIV-a Conferin\u021b\u0103 Na\u021bional\u0103 a ANBPR 2013"},"content":{"rendered":"<div id='share-me'><ul class='share-left'><li><a href=\"http:\/\/www.facebook.com\/sharer.php?u=https:\/\/anbpr.org.ro\/index.php\/conferinte\/a-xxiv-a-conferinta-nationala-a-anbpr-2013\/&t=A+XXIV-a+Conferin%C8%9B%C4%83+Na%C8%9Bional%C4%83+a+ANBPR+2013\" alt=\"Share on Facebook\" title=\"Share on Facebook\"   onclick=\"return smWindowpop(this.href,545,433)\"><img alt = \"\" src = \"https:\/\/anbpr.org.ro\/wp-content\/plugins\/share-me\/\/assets\/images\/cercle\/facebook.png\"  height=\"32px\"  width=\"32px\"><\/a><\/li><li><a href=\"http:\/\/twitter.com\/share?text=A+XXIV-a+Conferin%C8%9B%C4%83+Na%C8%9Bional%C4%83+a+ANBPR+2013-&url=https:\/\/anbpr.org.ro\/index.php\/conferinte\/a-xxiv-a-conferinta-nationala-a-anbpr-2013\/&via=ANBPR - Asocia\u021bia Na\u021bional\u0103  a Bibliotecarilor \u0219i Bibliotecilor Publice din Rom\u00e2nia\" alt=\"Tweet This Post\" title=\"Tweet This Post\"  onclick=\"return smWindowpop(this.href,545,433)\"><img alt = \"\" src = \"https:\/\/anbpr.org.ro\/wp-content\/plugins\/share-me\/\/assets\/images\/cercle\/twitter.png\"  height=\"32px\"  width=\"32px\"><\/a><\/li><li><a href=\"https:\/\/plusone.google.com\/_\/+1\/confirm?hl=fr-FR&url=https:\/\/anbpr.org.ro\/index.php\/conferinte\/a-xxiv-a-conferinta-nationala-a-anbpr-2013\/\" alt=\"Share on Google+\" title=\"Share on Google+\"  target=\"_blank\" onclick=\"return smWindowpop(this.href,545,433)\"><img alt = \"\" src = \"https:\/\/anbpr.org.ro\/wp-content\/plugins\/share-me\/\/assets\/images\/cercle\/googleplus.png\"  height=\"32px\"  width=\"32px\"><\/a><\/li><li><a href=\"http:\/\/www.tumblr.com\/share\/photo?source=&caption=A+XXIV-a+Conferin%C8%9B%C4%83+Na%C8%9Bional%C4%83+a+ANBPR+2013&clickthru=https%3A%2F%2Fanbpr.org.ro%2Findex.php%2Fconferinte%2Fa-xxiv-a-conferinta-nationala-a-anbpr-2013%2F\" title=\"Share on Tumblr\"  onclick=\"return smWindowpop(this.href,545,433)\"> <img alt = \"\" src = \"https:\/\/anbpr.org.ro\/wp-content\/plugins\/share-me\/\/assets\/images\/cercle\/tumblr.png\"  height=\"32px\"  width=\"32px\"><\/a><\/li><li><a href=\"http:\/\/www.linkedin.com\/shareArticle?mini=true&url=https:\/\/anbpr.org.ro\/index.php\/conferinte\/a-xxiv-a-conferinta-nationala-a-anbpr-2013\/&title=A+XXIV-a+Conferin%C8%9B%C4%83+Na%C8%9Bional%C4%83+a+ANBPR+2013&source=ANBPR - Asocia\u021bia Na\u021bional\u0103  a Bibliotecarilor \u0219i Bibliotecilor Publice din Rom\u00e2nia\" onclick=\"return smWindowpop(this.href, 545,433)\"><img alt = \"\" src = \"https:\/\/anbpr.org.ro\/wp-content\/plugins\/share-me\/\/assets\/images\/cercle\/linkedin.png\"  height=\"32px\"  width=\"32px\"><\/a><\/li><li><a href=\"https:\/\/www.blogger.com\/blog-this.g?u=https:\/\/anbpr.org.ro\/index.php\/conferinte\/a-xxiv-a-conferinta-nationala-a-anbpr-2013\/&n=A+XXIV-a+Conferin%C8%9B%C4%83+Na%C8%9Bional%C4%83+a+ANBPR+2013&t=ANBPR - Asocia\u021bia Na\u021bional\u0103  a Bibliotecarilor \u0219i Bibliotecilor Publice din Rom\u00e2nia\" alt=\"Share on Blogger\" title=\"Share on Blogger\" onclick=\"return smWindowpop(this.href, 545,433)\"><img alt = \"\" src = \"https:\/\/anbpr.org.ro\/wp-content\/plugins\/share-me\/\/assets\/images\/cercle\/blogger.png\"  height=\"32px\"  width=\"32px\"><\/a><\/li><\/ul><\/div><br\/><p>Conferin\u0163a Na\u0163ional\u0103 ANBPR se va desf\u0103\u015fura la Sibiu, \u00een perioada 10-12 octombrie 2013, la Biblioteca Jude\u0163ean\u0103 ASTRA.<\/p>\n<p>Tema care \u00eei va reuni pe reprezentan\u0163ii tuturor bibliotecilor publice din Rom\u00e2nia este <strong>SMARTLibraries.<\/strong><\/p>\n<p>Pe agenda Conferin\u021bei se vor putea reg\u0103si prezent\u0103ri tematice, Maratonul ideilor de\u015ftepte,\u00a0unde mai mul\u021bi conferen\u0163iari\u00a0vor sus\u021bine comunic\u0103ri de actualitate, precum \u0219i un recital al Centrelor de excelen\u0163\u0103 (Bra\u015fov, Cluj \u015fi Gala\u0163i), dar \u015fi al serviciilor de bibliotec\u0103\u00a0inovative\u00a0(Gorj, Ia\u015fi &amp; Sibiu).<\/p>\n<p><a href=\"http:\/\/smartlibrariessibiu.blogspot.ro\/\" target=\"_blank\">Blogul Conferin\u021bei<\/a><\/p>\n","protected":false},"excerpt":{"rendered":"<p>Conferin\u0163a Na\u0163ional\u0103 ANBPR se va desf\u0103\u015fura la Sibiu, \u00een perioada 10-12 octombrie 2013, la Biblioteca Jude\u0163ean\u0103 ASTRA. Tema care \u00eei va reuni pe reprezentan\u0163ii tuturor bibliotecilor publice din Rom\u00e2nia este SMARTLibraries. Pe agenda Conferin\u021bei se vor putea reg\u0103si prezent\u0103ri tematice, Maratonul ideilor de\u015ftepte,\u00a0unde mai mul\u021bi conferen\u0163iari\u00a0vor sus\u021bine comunic\u0103ri de actualitate, precum \u0219i un recital al <a href=\"https:\/\/anbpr.org.ro\/index.php\/conferinte\/a-xxiv-a-conferinta-nationala-a-anbpr-2013\/\" rel=\"nofollow\"><span class=\"sr-only\">Read more about A XXIV-a Conferin\u021b\u0103 Na\u021bional\u0103 a ANBPR 2013<\/span>[&hellip;]<\/a><\/p>\n","protected":false},"author":2,"featured_media":0,"parent":445,"menu_order":7,"comment_status":"closed","ping_status":"closed","template":"","meta":{"footnotes":""},"class_list":["post-465","page","type-page","status-publish","hentry"],"_links":{"self":[{"href":"https:\/\/anbpr.org.ro\/index.php\/wp-json\/wp\/v2\/pages\/465","targetHints":{"allow":["GET"]}}],"collection":[{"href":"https:\/\/anbpr.org.ro\/index.php\/wp-json\/wp\/v2\/pages"}],"about":[{"href":"https:\/\/anbpr.org.ro\/index.php\/wp-json\/wp\/v2\/types\/page"}],"author":[{"embeddable":true,"href":"https:\/\/anbpr.org.ro\/index.php\/wp-json\/wp\/v2\/users\/2"}],"replies":[{"embeddable":true,"href":"https:\/\/anbpr.org.ro\/index.php\/wp-json\/wp\/v2\/comments?post=465"}],"version-history":[{"count":1,"href":"https:\/\/anbpr.org.ro\/index.php\/wp-json\/wp\/v2\/pages\/465\/revisions"}],"predecessor-version":[{"id":466,"href":"https:\/\/anbpr.org.ro\/index.php\/wp-json\/wp\/v2\/pages\/465\/revisions\/466"}],"up":[{"embeddable":true,"href":"https:\/\/anbpr.org.ro\/index.php\/wp-json\/wp\/v2\/pages\/445"}],"wp:attachment":[{"href":"https:\/\/anbpr.org.ro\/index.php\/wp-json\/wp\/v2\/media?parent=465"}],"curies":[{"name":"wp","href":"https:\/\/api.w.org\/{rel}","templated":true}]}}