{"id":5556,"date":"2024-10-25T14:08:30","date_gmt":"2024-10-25T11:08:30","guid":{"rendered":"https:\/\/anbpr.org.ro\/?page_id=5556"},"modified":"2024-11-09T16:13:03","modified_gmt":"2024-11-09T14:13:03","slug":"conferinta-anbpr-bnar-2024","status":"publish","type":"page","link":"https:\/\/anbpr.org.ro\/index.php\/conferinte\/conferinta-anbpr-bnar-2024\/","title":{"rendered":"Conferin\u021ba ANBPR BNaR Bucure\u0219ti 2024"},"content":{"rendered":"<div id='share-me'><ul class='share-left'><li><a href=\"http:\/\/www.facebook.com\/sharer.php?u=https:\/\/anbpr.org.ro\/index.php\/conferinte\/conferinta-anbpr-bnar-2024\/&t=Conferin%C8%9Ba+ANBPR+BNaR+Bucure%C8%99ti+2024\" alt=\"Share on Facebook\" title=\"Share on Facebook\"   onclick=\"return smWindowpop(this.href,545,433)\"><img alt = \"\" src = \"https:\/\/anbpr.org.ro\/wp-content\/plugins\/share-me\/\/assets\/images\/cercle\/facebook.png\"  height=\"32px\"  width=\"32px\"><\/a><\/li><li><a href=\"http:\/\/twitter.com\/share?text=Conferin%C8%9Ba+ANBPR+BNaR+Bucure%C8%99ti+2024-&url=https:\/\/anbpr.org.ro\/index.php\/conferinte\/conferinta-anbpr-bnar-2024\/&via=ANBPR - Asocia\u021bia Na\u021bional\u0103  a Bibliotecarilor \u0219i Bibliotecilor Publice din Rom\u00e2nia\" alt=\"Tweet This Post\" title=\"Tweet This Post\"  onclick=\"return smWindowpop(this.href,545,433)\"><img alt = \"\" src = \"https:\/\/anbpr.org.ro\/wp-content\/plugins\/share-me\/\/assets\/images\/cercle\/twitter.png\"  height=\"32px\"  width=\"32px\"><\/a><\/li><li><a href=\"https:\/\/plusone.google.com\/_\/+1\/confirm?hl=fr-FR&url=https:\/\/anbpr.org.ro\/index.php\/conferinte\/conferinta-anbpr-bnar-2024\/\" alt=\"Share on Google+\" title=\"Share on Google+\"  target=\"_blank\" onclick=\"return smWindowpop(this.href,545,433)\"><img alt = \"\" src = \"https:\/\/anbpr.org.ro\/wp-content\/plugins\/share-me\/\/assets\/images\/cercle\/googleplus.png\"  height=\"32px\"  width=\"32px\"><\/a><\/li><li><a href=\"http:\/\/www.tumblr.com\/share\/photo?source=&caption=Conferin%C8%9Ba+ANBPR+BNaR+Bucure%C8%99ti+2024&clickthru=https%3A%2F%2Fanbpr.org.ro%2Findex.php%2Fconferinte%2Fconferinta-anbpr-bnar-2024%2F\" title=\"Share on Tumblr\"  onclick=\"return smWindowpop(this.href,545,433)\"> <img alt = \"\" src = \"https:\/\/anbpr.org.ro\/wp-content\/plugins\/share-me\/\/assets\/images\/cercle\/tumblr.png\"  height=\"32px\"  width=\"32px\"><\/a><\/li><li><a href=\"http:\/\/www.linkedin.com\/shareArticle?mini=true&url=https:\/\/anbpr.org.ro\/index.php\/conferinte\/conferinta-anbpr-bnar-2024\/&title=Conferin%C8%9Ba+ANBPR+BNaR+Bucure%C8%99ti+2024&source=ANBPR - Asocia\u021bia Na\u021bional\u0103  a Bibliotecarilor \u0219i Bibliotecilor Publice din Rom\u00e2nia\" onclick=\"return smWindowpop(this.href, 545,433)\"><img alt = \"\" src = \"https:\/\/anbpr.org.ro\/wp-content\/plugins\/share-me\/\/assets\/images\/cercle\/linkedin.png\"  height=\"32px\"  width=\"32px\"><\/a><\/li><li><a href=\"https:\/\/www.blogger.com\/blog-this.g?u=https:\/\/anbpr.org.ro\/index.php\/conferinte\/conferinta-anbpr-bnar-2024\/&n=Conferin%C8%9Ba+ANBPR+BNaR+Bucure%C8%99ti+2024&t=ANBPR - Asocia\u021bia Na\u021bional\u0103  a Bibliotecarilor \u0219i Bibliotecilor Publice din Rom\u00e2nia\" alt=\"Share on Blogger\" title=\"Share on Blogger\" onclick=\"return smWindowpop(this.href, 545,433)\"><img alt = \"\" src = \"https:\/\/anbpr.org.ro\/wp-content\/plugins\/share-me\/\/assets\/images\/cercle\/blogger.png\"  height=\"32px\"  width=\"32px\"><\/a><\/li><\/ul><\/div><br\/>\n<p>Asocia\u021bia Na\u021bional\u0103 a Bibliotecarilor \u0219i Bibliotecilor Publice din Rom\u00e2nia (ANBPR), \u00een parteneriat cu Biblioteca Na\u021bional\u0103 a Rom\u00e2niei, organizeaz\u0103 Conferin\u021ba ANBPR BIBLIOPUBLICA cu tema \u201e<strong><em>Re\u021beaua bibliotecilor publice \u2013 infrastructur\u0103 dinamic\u0103 de sprijin privind priorit\u0103\u021bile de dezvoltare durabil\u0103<\/em>\u201d<\/strong> la Biblioteca Na\u021bional\u0103 a Rom\u00e2niei, Bd. Unirii Nr. 22, Bucure\u0219ti, \u00een perioada 11-12 noiembrie 2024. <\/p>\n\n\n\n<p>Societ\u0103\u021bile reziliente de ast\u0103zi se definesc \u00een func\u021bie de 4 abord\u0103ri ale sustenabilit\u0103\u021bii: abordarea dominat\u0103 de rezilien\u021ba bazat\u0103 pe securitate, discursul \u0219i r\u0103spunsul la crize majore; abordarea orientat\u0103 spre inovare, care se concentreaz\u0103 pe combaterea riscurilor \u0219i transformarea favorabil\u0103 a dezastrelor, abordarea care promoveaz\u0103 o societate civil\u0103 bazat\u0103 pe participarea social\u0103 activ\u0103 a cet\u0103\u021benilor s\u0103i, \u0219i, nu \u00een ultimul r\u00e2nd, abordarea conform c\u0103reia societatea civil\u0103 este un actor indispensabili pentru a face fa\u021b\u0103 complexit\u0103\u021bii \u0219i schimb\u0103rii perpetue a societ\u0103\u021bii contemporane.<\/p>\n\n\n\n<p>Bibliotecile sunt spa\u021bii dinamice, vibrante \u0219i inspira\u021bionale, care stimuleaz\u0103 creativitatea \u0219i inova\u021bia. Angajate \u00eentr-un proces amplu de transformare \u0219i adaptare la noile provoc\u0103ri, bibliotecile publice se redefinesc constant, c\u0103p\u0103t\u00e2nd noi \u0219i noi valen\u021be, \u00een acord cu misiunea proprie, dar \u0219i cu exigen\u021bele din ce \u00een ce mai rafinate ale utilizatorilor lor. \u00cen ultimele decenii, bibliotecile s-au implicat activ \u00een con\u0219tientizarea importan\u021bei obiectivelor de dezvoltare durabil\u0103.<\/p>\n\n\n\n<p>\u00cen acest spirit, tema conferin\u021bei de toamn\u0103 a ANBPR aduce \u00een prim-plan rolul bibliotecilor publice \u00een sus\u021binerea priorit\u0103\u021bilor de dezvoltare durabil\u0103. A\u0219adar, suntem \u00eenc\u00e2nta\u021bi s\u0103 v\u0103 invit\u0103m la o conferin\u021b\u0103 care exploreaz\u0103 implicarea&nbsp; bibliotecilor \u00een sprijinirea Obiectivelor de Dezvoltare Durabil\u0103 \u0219i a Agendei 2030. Aceast\u0103 reuniune profesional\u0103 de marc\u0103 pentru domeniul bibliotecilor \u0219i nu numai va oferi cadrul pentru dezbateri de substan\u021b\u0103 despre modul \u00een care bibliotecile pot contribui la ini\u021biativele de durabilitate, prin \u00eembun\u0103t\u0103\u021birea accesului la informa\u021bii, \u00eencurajarea angajamentului comunit\u0103\u021bii \u0219i promovarea oportunit\u0103\u021bilor educa\u021bionale care sprijin\u0103 obiectivele de mediu pe termen lung.<\/p>\n\n\n\n<p>Agenda Conferin\u021bei (RO) este disponibil\u0103 <a href=\"http:\/\/anbpr.org.ro\/wp-content\/uploads\/2024\/11\/Conferinta_ANBPR_noiembrie_2024_Agenda-finala_RO_05.11.2024.pdf\">aici<\/a>.<\/p>\n\n\n\n<p>Agenda Conferin\u021bei (EN) este disponibil\u0103 <a href=\"http:\/\/anbpr.org.ro\/wp-content\/uploads\/2024\/11\/Conferinta_ANBPR_noiembrie_2024_Agenda-finala_RO_06.11.2024_EN.pdf\">aici<\/a>.<\/p>\n\n\n\n<p>Afi\u0219ul Conferin\u021bei este disponibil <a href=\"http:\/\/anbpr.org.ro\/wp-content\/uploads\/2024\/11\/afis-anbpr-nov-2024_FINAL2.pdf\">aici<\/a>.<\/p>\n\n\n\n<p>Comunicatul de pres\u0103 este disponibil <a href=\"http:\/\/anbpr.org.ro\/wp-content\/uploads\/2024\/11\/Comunicat_Conferinta_ANBPR_BNaR_Bucuresti_11-12_Nov_2024.pdf\">aici<\/a>.<\/p>\n","protected":false},"excerpt":{"rendered":"<p>Asocia\u021bia Na\u021bional\u0103 a Bibliotecarilor \u0219i Bibliotecilor Publice din Rom\u00e2nia (ANBPR), \u00een parteneriat cu Biblioteca Na\u021bional\u0103 a Rom\u00e2niei, organizeaz\u0103 Conferin\u021ba ANBPR BIBLIOPUBLICA cu tema \u201eRe\u021beaua bibliotecilor publice \u2013 infrastructur\u0103 dinamic\u0103 de sprijin privind priorit\u0103\u021bile de dezvoltare durabil\u0103\u201d la Biblioteca Na\u021bional\u0103 a Rom\u00e2niei, Bd. Unirii Nr. 22, Bucure\u0219ti, \u00een perioada 11-12 noiembrie 2024. Societ\u0103\u021bile reziliente de ast\u0103zi <a href=\"https:\/\/anbpr.org.ro\/index.php\/conferinte\/conferinta-anbpr-bnar-2024\/\" rel=\"nofollow\"><span class=\"sr-only\">Read more about Conferin\u021ba ANBPR BNaR Bucure\u0219ti 2024<\/span>[&hellip;]<\/a><\/p>\n","protected":false},"author":3,"featured_media":0,"parent":445,"menu_order":0,"comment_status":"closed","ping_status":"closed","template":"","meta":{"footnotes":""},"class_list":["post-5556","page","type-page","status-publish","hentry"],"_links":{"self":[{"href":"https:\/\/anbpr.org.ro\/index.php\/wp-json\/wp\/v2\/pages\/5556","targetHints":{"allow":["GET"]}}],"collection":[{"href":"https:\/\/anbpr.org.ro\/index.php\/wp-json\/wp\/v2\/pages"}],"about":[{"href":"https:\/\/anbpr.org.ro\/index.php\/wp-json\/wp\/v2\/types\/page"}],"author":[{"embeddable":true,"href":"https:\/\/anbpr.org.ro\/index.php\/wp-json\/wp\/v2\/users\/3"}],"replies":[{"embeddable":true,"href":"https:\/\/anbpr.org.ro\/index.php\/wp-json\/wp\/v2\/comments?post=5556"}],"version-history":[{"count":12,"href":"https:\/\/anbpr.org.ro\/index.php\/wp-json\/wp\/v2\/pages\/5556\/revisions"}],"predecessor-version":[{"id":5584,"href":"https:\/\/anbpr.org.ro\/index.php\/wp-json\/wp\/v2\/pages\/5556\/revisions\/5584"}],"up":[{"embeddable":true,"href":"https:\/\/anbpr.org.ro\/index.php\/wp-json\/wp\/v2\/pages\/445"}],"wp:attachment":[{"href":"https:\/\/anbpr.org.ro\/index.php\/wp-json\/wp\/v2\/media?parent=5556"}],"curies":[{"name":"wp","href":"https:\/\/api.w.org\/{rel}","templated":true}]}}