{"id":5585,"date":"2024-11-12T17:40:33","date_gmt":"2024-11-12T15:40:33","guid":{"rendered":"https:\/\/anbpr.org.ro\/?page_id=5585"},"modified":"2024-11-18T11:27:48","modified_gmt":"2024-11-18T09:27:48","slug":"cluj-masa-rotunda-reglementarea-continutului-digital-de-la-uniunea-europeana-la-proba-practica-in-romania","status":"publish","type":"page","link":"https:\/\/anbpr.org.ro\/index.php\/conferinte\/cluj-masa-rotunda-reglementarea-continutului-digital-de-la-uniunea-europeana-la-proba-practica-in-romania\/","title":{"rendered":"CLUJ: Mas\u0103 rotund\u0103 \u201cReglementarea con\u021binutului digital &#8211; de la Uniunea European\u0103 la proba practic\u0103 \u00een Rom\u00e2nia\u201d"},"content":{"rendered":"<div id='share-me'><ul class='share-left'><li><a href=\"http:\/\/www.facebook.com\/sharer.php?u=https:\/\/anbpr.org.ro\/index.php\/conferinte\/cluj-masa-rotunda-reglementarea-continutului-digital-de-la-uniunea-europeana-la-proba-practica-in-romania\/&t=CLUJ%3A+Mas%C4%83+rotund%C4%83+%E2%80%9CReglementarea+con%C8%9Binutului+digital+%26%238211%3B+de+la+Uniunea+European%C4%83+la+proba+practic%C4%83+%C3%AEn+Rom%C3%A2nia%E2%80%9D\" alt=\"Share on Facebook\" title=\"Share on Facebook\"   onclick=\"return smWindowpop(this.href,545,433)\"><img alt = \"\" src = \"https:\/\/anbpr.org.ro\/wp-content\/plugins\/share-me\/\/assets\/images\/cercle\/facebook.png\"  height=\"32px\"  width=\"32px\"><\/a><\/li><li><a href=\"http:\/\/twitter.com\/share?text=CLUJ%3A+Mas%C4%83+rotund%C4%83+%E2%80%9CReglementarea+con%C8%9Binutului+digital+%26%238211%3B+de+la+Uniunea+European%C4%83+la+proba+practic%C4%83+%C3%AEn+Rom%C3%A2nia%E2%80%9D-&url=https:\/\/anbpr.org.ro\/index.php\/conferinte\/cluj-masa-rotunda-reglementarea-continutului-digital-de-la-uniunea-europeana-la-proba-practica-in-romania\/&via=ANBPR - Asocia\u021bia Na\u021bional\u0103  a Bibliotecarilor \u0219i Bibliotecilor Publice din Rom\u00e2nia\" alt=\"Tweet This Post\" title=\"Tweet This Post\"  onclick=\"return smWindowpop(this.href,545,433)\"><img alt = \"\" src = \"https:\/\/anbpr.org.ro\/wp-content\/plugins\/share-me\/\/assets\/images\/cercle\/twitter.png\"  height=\"32px\"  width=\"32px\"><\/a><\/li><li><a href=\"https:\/\/plusone.google.com\/_\/+1\/confirm?hl=fr-FR&url=https:\/\/anbpr.org.ro\/index.php\/conferinte\/cluj-masa-rotunda-reglementarea-continutului-digital-de-la-uniunea-europeana-la-proba-practica-in-romania\/\" alt=\"Share on Google+\" title=\"Share on Google+\"  target=\"_blank\" onclick=\"return smWindowpop(this.href,545,433)\"><img alt = \"\" src = \"https:\/\/anbpr.org.ro\/wp-content\/plugins\/share-me\/\/assets\/images\/cercle\/googleplus.png\"  height=\"32px\"  width=\"32px\"><\/a><\/li><li><a href=\"http:\/\/www.tumblr.com\/share\/photo?source=&caption=CLUJ%3A+Mas%C4%83+rotund%C4%83+%E2%80%9CReglementarea+con%C8%9Binutului+digital+%26%238211%3B+de+la+Uniunea+European%C4%83+la+proba+practic%C4%83+%C3%AEn+Rom%C3%A2nia%E2%80%9D&clickthru=https%3A%2F%2Fanbpr.org.ro%2Findex.php%2Fconferinte%2Fcluj-masa-rotunda-reglementarea-continutului-digital-de-la-uniunea-europeana-la-proba-practica-in-romania%2F\" title=\"Share on Tumblr\"  onclick=\"return smWindowpop(this.href,545,433)\"> <img alt = \"\" src = \"https:\/\/anbpr.org.ro\/wp-content\/plugins\/share-me\/\/assets\/images\/cercle\/tumblr.png\"  height=\"32px\"  width=\"32px\"><\/a><\/li><li><a href=\"http:\/\/www.linkedin.com\/shareArticle?mini=true&url=https:\/\/anbpr.org.ro\/index.php\/conferinte\/cluj-masa-rotunda-reglementarea-continutului-digital-de-la-uniunea-europeana-la-proba-practica-in-romania\/&title=CLUJ%3A+Mas%C4%83+rotund%C4%83+%E2%80%9CReglementarea+con%C8%9Binutului+digital+%26%238211%3B+de+la+Uniunea+European%C4%83+la+proba+practic%C4%83+%C3%AEn+Rom%C3%A2nia%E2%80%9D&source=ANBPR - Asocia\u021bia Na\u021bional\u0103  a Bibliotecarilor \u0219i Bibliotecilor Publice din Rom\u00e2nia\" onclick=\"return smWindowpop(this.href, 545,433)\"><img alt = \"\" src = \"https:\/\/anbpr.org.ro\/wp-content\/plugins\/share-me\/\/assets\/images\/cercle\/linkedin.png\"  height=\"32px\"  width=\"32px\"><\/a><\/li><li><a href=\"https:\/\/www.blogger.com\/blog-this.g?u=https:\/\/anbpr.org.ro\/index.php\/conferinte\/cluj-masa-rotunda-reglementarea-continutului-digital-de-la-uniunea-europeana-la-proba-practica-in-romania\/&n=CLUJ%3A+Mas%C4%83+rotund%C4%83+%E2%80%9CReglementarea+con%C8%9Binutului+digital+%26%238211%3B+de+la+Uniunea+European%C4%83+la+proba+practic%C4%83+%C3%AEn+Rom%C3%A2nia%E2%80%9D&t=ANBPR - Asocia\u021bia Na\u021bional\u0103  a Bibliotecarilor \u0219i Bibliotecilor Publice din Rom\u00e2nia\" alt=\"Share on Blogger\" title=\"Share on Blogger\" onclick=\"return smWindowpop(this.href, 545,433)\"><img alt = \"\" src = \"https:\/\/anbpr.org.ro\/wp-content\/plugins\/share-me\/\/assets\/images\/cercle\/blogger.png\"  height=\"32px\"  width=\"32px\"><\/a><\/li><\/ul><\/div><br\/>\n<p><strong>Data: 18 Noiembrie 2024<\/strong><\/p>\n\n\n\n<p><strong>Loca\u021bie: Biblioteca Jude\u021bean\u0103 &#8222;Octavian Goga&#8221;, Cluj Napoca<\/strong><\/p>\n\n\n\n<p><strong>Sala:<\/strong> <strong>Sec\u021bia pentru adolescen\u021bi, etajul 4<\/strong><\/p>\n\n\n\n<p><strong>Orele: 14:00- 17:00<\/strong><\/p>\n\n\n\n<p><strong><em>\u00cenregistrare \u0219i welcome coffee 13:45 &#8211; 14:00<\/em><\/strong><\/p>\n\n\n\n<p><em>Peisajul digital de reglementare din Rom\u00e2nia este \u00een proces de transformare ca urmare a adopt\u0103rii noilor acte normative ale Uniunii Europene care reglementeaz\u0103 con\u021binutul online. DSA, DMA, AVMSD, EMFA, AIA sau Regulamentul UE 900\/2024 privind transparen\u021ba \u0219i targetarea publicit\u0103\u021bii politice sunt \u00een vigoare sau vor fi implementate \u0219i \u00een Rom\u00e2nia \u00een viitorul apropiat.<\/em><\/p>\n\n\n\n<p><em>\u00cen acela\u0219i timp, \u00eenc\u0103 nu este \u00een\u021beles pe deplin modul \u00een care interac\u021bioneaz\u0103 toate aceste acte normative. Mai mult, acestea implic\u0103 o combina\u021bie de actori na\u021bionali \u0219i globali, dar \u0219i cu competen\u021be de reglementare \u00eemp\u0103r\u021bite \u00eentre UE, institu\u021biile na\u021bionale, dar \u0219i un sistem de facto de co-reglementare \u0219i auto-reglementare.<\/em><\/p>\n\n\n\n<p><em>Masa rotund\u0103 \u00ee\u0219i propune sa treac\u0103 \u00een revist\u0103 cadrul normativ european pentru o informare transversal\u0103, dar \u0219i s\u0103 propun\u0103 spre dezbatere aspectele legate de implementarea acestuia \u00een Rom\u00e2nia &#8211; riscuri, oportunit\u0103\u021bi, solu\u021bii &#8211; \u00eentr-un cadru de discu\u021bii deschis, cu actori \u0219i opinii poten\u021bial diverse.<\/em><\/p>\n\n\n\n<p><strong>Moderator &#8211; Bogdan Lungu, ApTi<\/strong><\/p>\n\n\n\n<p><strong>Prezent\u0103ri:<\/strong><\/p>\n\n\n\n<ol class=\"wp-block-list\" type=\"1\">\n<li>Liana Ganea &#8211; \u201eLibertatea mass-media, libertatea de exprimare \u0219i dreptul la informare \u00een noile reglement\u0103ri europene\u201d<\/li>\n\n\n\n<li>Bogdan Manolea &#8211; \u201eSolu\u021bia miraculoas\u0103 a Regulamentului DSA pentru reglementarea con\u021binutului online. Sau nu?\u201d<\/li>\n\n\n\n<li>Flavia \u021a\u0103ran &#8211;\u00a0 \u201ePot fi reformate platformele digitale? Provoc\u0103ri actuale \u0219i posibile solu\u021bii\u201d.<\/li>\n\n\n\n<li>Nicoleta Fotiade, Mediawise &#8211; \u201eLimitele reglement\u0103rii digitale \u0219i poten\u021bialul ignorat al educa\u021biei media\u201d.<\/li>\n<\/ol>\n\n\n\n<p><strong>Ulterior prezent\u0103rilor, vom avea discu\u021bii libere cu publicul pe temele de interes lor, \u00een dialog cu speakerii no\u0219tri.<\/strong><\/p>\n\n\n\n<p>La dezbateri sunt invita\u021bi actorii interesa\u021bi de diverse aspecte legate de implementarea reglement\u0103rilor pentru con\u021binutul online:<\/p>\n\n\n\n<ul class=\"wp-block-list\">\n<li>Organiza\u021bii non-guvernamentale;<\/li>\n\n\n\n<li>Asocia\u021bii de business sau furnizori de servicii de intermediere online;<\/li>\n\n\n\n<li>Mediul academic, jurnali\u0219ti, bibliotecari, avoca\u021bi \u0219i al\u021bi actori interesa\u021bi;<\/li>\n\n\n\n<li>Autorit\u0103\u021bi competente.<\/li>\n<\/ul>\n\n\n\n<p>\u00cenregistrarea este gratuit\u0103, dar \u00een limita locurilor disponibile. V\u0103 rug\u0103m s\u0103 completa\u021bi datele dvs. <a href=\"https:\/\/forms.gle\/E93aqec4VJHqgADV8\">aici<\/a>.&nbsp; <\/p>\n","protected":false},"excerpt":{"rendered":"<p>Data: 18 Noiembrie 2024 Loca\u021bie: Biblioteca Jude\u021bean\u0103 &#8222;Octavian Goga&#8221;, Cluj Napoca Sala: Sec\u021bia pentru adolescen\u021bi, etajul 4 Orele: 14:00- 17:00 \u00cenregistrare \u0219i welcome coffee 13:45 &#8211; 14:00 Peisajul digital de reglementare din Rom\u00e2nia este \u00een proces de transformare ca urmare a adopt\u0103rii noilor acte normative ale Uniunii Europene care reglementeaz\u0103 con\u021binutul online. DSA, DMA, AVMSD, <a href=\"https:\/\/anbpr.org.ro\/index.php\/conferinte\/cluj-masa-rotunda-reglementarea-continutului-digital-de-la-uniunea-europeana-la-proba-practica-in-romania\/\" rel=\"nofollow\"><span class=\"sr-only\">Read more about CLUJ: Mas\u0103 rotund\u0103 \u201cReglementarea con\u021binutului digital &#8211; de la Uniunea European\u0103 la proba practic\u0103 \u00een Rom\u00e2nia\u201d<\/span>[&hellip;]<\/a><\/p>\n","protected":false},"author":3,"featured_media":0,"parent":445,"menu_order":0,"comment_status":"closed","ping_status":"closed","template":"","meta":{"footnotes":""},"class_list":["post-5585","page","type-page","status-publish","hentry"],"_links":{"self":[{"href":"https:\/\/anbpr.org.ro\/index.php\/wp-json\/wp\/v2\/pages\/5585","targetHints":{"allow":["GET"]}}],"collection":[{"href":"https:\/\/anbpr.org.ro\/index.php\/wp-json\/wp\/v2\/pages"}],"about":[{"href":"https:\/\/anbpr.org.ro\/index.php\/wp-json\/wp\/v2\/types\/page"}],"author":[{"embeddable":true,"href":"https:\/\/anbpr.org.ro\/index.php\/wp-json\/wp\/v2\/users\/3"}],"replies":[{"embeddable":true,"href":"https:\/\/anbpr.org.ro\/index.php\/wp-json\/wp\/v2\/comments?post=5585"}],"version-history":[{"count":4,"href":"https:\/\/anbpr.org.ro\/index.php\/wp-json\/wp\/v2\/pages\/5585\/revisions"}],"predecessor-version":[{"id":5595,"href":"https:\/\/anbpr.org.ro\/index.php\/wp-json\/wp\/v2\/pages\/5585\/revisions\/5595"}],"up":[{"embeddable":true,"href":"https:\/\/anbpr.org.ro\/index.php\/wp-json\/wp\/v2\/pages\/445"}],"wp:attachment":[{"href":"https:\/\/anbpr.org.ro\/index.php\/wp-json\/wp\/v2\/media?parent=5585"}],"curies":[{"name":"wp","href":"https:\/\/api.w.org\/{rel}","templated":true}]}}